2)) is divided by t(6)?
18
Let w = 279 + -219. Calculate the remainder when w is divided by 9.
6
Suppose -2*c - d = -273, 0 = c - 131*d + 135*d - 119. Calculate the remainder when 290 is divided by c.
12
Suppose -31 = -3*z + 5. Suppose 10 = 5*i - 4*i. Suppose -4*r - 59 = -4*l - 23, 2*l + 5*r + i = 0. What is the remainder when z is divided by l?
2
Let g = -19 + 38. Calculate the remainder when g is divided by 5.
4
Let s(v) = -2*v**3 + 25*v**2 - 12*v + 10. What is the remainder when 266 is divided by s(12)?
6
Let p(k) = 8*k - 5 + 3 - 6*k. What is the remainder when 28 is divided by p(9)?
12
Let p(t) = 33*t**2 - 2*t - 2. Calculate the remainder when p(2) is divided by 48.
30
Let b(w) = 5*w**2 + 4*w + 1. Let f be b(-2). Suppose 6*r - f*r + 49 = 0. Calculate the remainder when 48 is divided by r.
6
Suppose -4*y - 2*h = y - 99, 0 = 4*y - 4*h - 68. Suppose -13*c - 9 = -10*c. Calculate the remainder when 276/((-9)/c) + 0 is divided by y.
16
Let t = 91 + -15. Let r(j) = 3*j + 148. Calculate the remainder when t is divided by r(-36).
36
Let t = 295 + -244. Calculate the remainder when 151 is divided by t.
49
Suppose 5*i + 2*f - 22 = 77, -2*i = 3*f - 33. Let j = 20 + i. What is the remainder when j is divided by 11?
8
Suppose -3*a - 2*o = -29, 5*a + 3*o = -0*o + 50. Let p(j) = j**2 + 2*j. Let h(z) = 4*z + 20. Let v be h(-6). What is the remainder when a is divided by p(v)?
5
Suppose -r + 24 = -47. Let c = r + -51. What is the remainder when 58 is divided by c?
18
Suppose 38*g - 44*g = -138. What is the remainder when 64 is divided by g?
18
What is the remainder when 112 is divided by 34 - (0 - -3 - 63/9)?
36
Let h(t) = 2*t**2 + 8*t + 9. Calculate the remainder when h(-4) is divided by (9/(-6))/(4/(-8))*1.
0
Suppose -q = -3*x - 6, -2*q - 2*x + x = -33. Let i(v) = -v**3 - 46*v**2 + 138*v - 354. What is the remainder when i(-49) is divided by q?
12
Let a(s) = s**2 - 18*s + 20. Let d be a(17). Calculate the remainder when (162 - (-1 + 4))*1/d is divided by 27.
26
Let x(y) = -y**2 + 3*y + 12. Let d be x(5). What is the remainder when 950/(-40)*(-2 + 0 - d) is divided by 26?
17
Let n = -10 + 35. Suppose 5*l - 5*i = 360, -2*l - 3*l - 2*i + 374 = 0. What is the remainder when l is divided by n?
24
Let y(b) = -11*b - 22. Let i(f) = -f - 1. Let q(t) = -6*i(t) + y(t). Let v be q(-12). Let g = -33 + v. What is the remainder when 41 is divided by g?
8
Let c(p) = p - 7. Let y be c(3). Let b(u) = -2*u + 3. What is the remainder when (y - -1)*84/(-9) is divided by b(-6)?
13
Let h = 38 + -31. Calculate the remainder when 18 is divided by h.
4
Let v be 6/(-2)*(15 - 9). Let x = v + 30. What is the remainder when x is divided by 5?
2
Let u(t) = -142*t + 273. What is the remainder when u(-3) is divided by 25?
24
Let u(m) = -6*m**3 - m**2 - 2*m + 2. Let i(q) = 7*q**3 + 2*q**2 + 3*q - 2. Let s(f) = -5*i(f) - 6*u(f). What is the remainder when s(5) is divided by 5?
3
Let l(r) = 11*r - 18 - 16 + 28. Let a be l(3). Let y = a + -10. What is the remainder when y is divided by 10?
7
Calculate the remainder when 147*10*(-3)/(-90) is divided by 43.
6
Suppose -3*w - 4*s = s + 113, 4*w - 4*s = -108. Let j = 38 + w. Suppose 3*f - 391 = -5*p + j, 20 = -5*f. Calculate the remainder when p is divided by 21.
19
Let l = 4 - 1. Suppose 5*p + 1 + 3 = k, 3*k = -l*p + 48. What is the remainder when 27 is divided by k?
13
Let j = 476 - 138. What is the remainder when j is divided by 17?
15
Let b be (-19)/((-57)/360) - 5. Suppose b + 17 = 3*d. Calculate the remainder when d is divided by 17.
10
Let m(x) = -x**2 - 30*x - 149. Suppose -3*d - 46 + 121 = 0. Suppose -3*g + 0*n + 119 = 4*n, 0 = g + 5*n - d. What is the remainder when g is divided by m(-7)?
9
Suppose 3*l = -8 + 17. Suppose -2*j + z = -33 - 18, 2*z = l*j - 79. Calculate the remainder when j is divided by 9.
5
Let s = -33 - -43. Suppose -2*w - 5*n + 108 = -4*n, -w + 3*n = -54. Let l = w + s. What is the remainder when l is divided by 22?
20
Suppose -629 = 5*m + d + 3*d, -2*m = 2*d + 252. Let z = 71 - m. What is the remainder when z is divided by 33?
31
Let z(q) = -7*q**3 - 5*q**2 + 15*q - 29. Let p(g) = -3*g**3 - 3*g**2 + 7*g - 14. Let o(x) = 9*p(x) - 4*z(x). What is the remainder when 42 is divided by o(7)?
9
Suppose 29*v - 3503 = 818. Calculate the remainder when v is divided by 15.
14
Suppose -4*w = -0*w - 8. Suppose -w*n = 3*p - 116, 0 = -5*n - 0*p - 3*p + 281. Suppose -4*z + 145 = z. What is the remainder when n is divided by z?
26
Let s = 15 - 27. Suppose 4*w - 15 = -5*f, -15 = -4*f + 5*w - 3. What is the remainder when (-3)/s - 19/(-4) is divided by f?
2
Suppose -5*w + 5*i + 95 = 0, 3*i - 7 - 8 = 0. Let h(k) = -k**3 + 27*k**2 - 29*k + 123. Calculate the remainder when h(26) is divided by w.
21
Suppose 858 = 4*g - 9*y + 6*y, 4*g = 4*y + 860. Suppose 4*r - g = 47. What is the remainder when r is divided by 23?
19
Suppose 137 = 7*x - 73. Suppose -4*q = p - 6*q - 11, 3*p - 3*q = x. What is the remainder when p is divided by (-2)/(-4)*(-6)/(-1)?
0
Let z = 364 + -346. Calculate the remainder when 32 is divided by z.
14
Suppose -7*i - 85 = -8*i - w, 0 = 3*i - 2*w - 265. Calculate the remainder when i is divided by 30.
27
Suppose 5 = -0*u + u. Suppose -3*g + 6*g - 12 = u*m, g - 4*m = 4. Suppose -f + 76 = 5*d, -g*f + 5*d = -0*f - 254. What is the remainder when f is divided by 23?
20
Let u = 8 + -8. Suppose u*h = -4*h - 24. Let c(g) = -5*g - 7. Calculate the remainder when 44 is divided by c(h).
21
Let q be (1 - 1) + (12 - 8). Calculate the remainder when 23 is divided by (-1 + q)*(-13)/(-3).
10
Let u be 29/6 + (-4)/(-24). Suppose 4*z + 16 = 0, 3*l = -2*z + 137 + u. What is the remainder when l is divided by (-2060)/(-76) - (10 + 188/(-19))?
23
Let t(u) = u**3 - 6*u**2 - 30*u - 15. What is the remainder when t(11) is divided by 9?
8
Suppose 0 = -17*o + 23*o - 210. What is the remainder when 166 is divided by o?
26
Let p(n) be the second derivative of 5/2*n**2 + 0*n**3 + 1/12*n**4 + 0 - 6*n. Calculate the remainder when 19 is divided by p(0).
4
Suppose -4*t = -4*m - 264, 4 + 1 = m. Calculate the remainder when t is divided by 8.
7
Let g = 1333 - 1273. What is the remainder when g is divided by 40?
20
Let w(j) = 2*j**2 + 3*j + 2. Let d = -203 - -217. What is the remainder when w(5) is divided by d?
11
Let r = 42 - 24. Let p = -89 - -129. Let d = 13 + p. What is the remainder when d is divided by r?
17
Suppose 0*j - 3*j - 9 = 0, 4*d - 3*j = 217. Calculate the remainder when d is divided by 40.
12
Let z(j) = 2*j**2 + j + 106. Let o = -46 - -68. Calculate the remainder when z(0) is divided by o.
18
What is the remainder when 298 + 15*(-3)/(-5) is divided by 85?
52
Let g(v) = v**3 + 4*v**2 + v + 2. Let k be g(-4). Calculate the remainder when 144 is divided by 792/16 - (-1)/k.
46
Let u be 14/3 - (-4)/12. Let m be (0 + 1 - 2)/((-2)/6). Suppose -2*f - m*d + 74 = 0, 0*d - 210 = -u*f + 5*d. Calculate the remainder when f is divided by 21.
19
Suppose 0 = 477*h - 472*h - 120. Calculate the remainder when h is divided by 9.
6
Suppose 4*z = -2*d + 40 + 10, -75 = -3*d + 4*z. Suppose 4*x = 92 + 100. Calculate the remainder when x is divided by d.
23
Calculate the remainder when 33 is divided by 10 - (-2)/5*5/(-2).
6
Let f(a) = 5*a**2 - 5*a - 10. Suppose -c - j = 2*c - 46, 19 = 2*c + 3*j. Calculate the remainder when f(-3) is divided by c.
16
Let d(c) = -c**2 + 45 + 3*c**2 - 41. What is the remainder when 43 is divided by d(3)?
21
Let t = 1 - -2. Suppose -17 = -t*r - 2. Suppose -z - 52 = -5*k, -r*k + 2*z + 36 = -18. Calculate the remainder when 39 is divided by k.
9
Suppose -3*h - 63*y = -67*y - 3857, -5*h + 6431 = -4*y. Calculate the remainder when h is divided by 43.
40
Suppose 21*b = 147 + 861. What is the remainder when b is divided by 2?
0
What is the remainder when 755/45 - 2/(-9) is divided by 76/190 - (-2)/((-30)/(-129))?
8
Suppose 6 = -3*k, -2*m + 2*k - 20 = -3*m. Let g be (1 + (-179)/4)/((-13)/(-1612)). What is the remainder when ((6/(-5))/(-2))/((-35)/g) is divided by m?
21
Let m be (-6)/(-6 - -4) + -20. Let g = m - -23. What is the remainder when (9 + -7)*1*7 is divided by g?
2
Let h = -1085 - -1097. What is the remainder when 46 is divided by h?
10
Suppose 7*r - 4*r = 4*n - 284, -2*n + 124 = 3*r. What is the remainder when 120 is divided by